4 - 58 - -93 - (20 + -4)?
23
-23 + 28 + -1 + 1 - (-2 - -6)
1
Evaluate (1 - -8) + -27 + 6 + (5 - 1).
-8
Calculate 11 + -24 + 81 - (-6 + -16 + -9 + 16).
83
What is the value of -30 + -3 - (31 + -18 + -13)?
-33
Evaluate -3 - (-4 + -2 - -11 - ((-2 - -4) + 9)).
3
Evaluate -34 + 28 + (29 - -9) + -167.
-135
What is -31 - (26 - 45) - 14?
-26
What is the value of -530 + 509 + (-72 - -20)?
-73
What is the value of -39 - (-2 + (48 + -20 - 17))?
-48
Evaluate 57 - ((-3 - (0 + 5 - (151 + -154))) + 3).
65
Calculate 98 + (-128 + 59 - -22).
51
What is the value of 33 - -5 - (-348 - -383)?
3
What is 29 + 54 + 19 - (25 + 1)?
76
Evaluate 87 - (103 + -28 + 82).
-70
-5 + (9 + (14 - 36) - -46)
28
(58 - 35) + (43 - 20 - 32)
14
What is the value of -1 + 0 + -1 - (10 + -11 + -30 + -6)?
35
Calculate (16 + -48 - -29) + -21 + 2 + 0.
-22
Calculate 1396 + -1462 + -2 + 45.
-23
Calculate -1 - (51 + 10) - (-45 + 61).
-78
What is 72 + 10 + -35 + 54?
101
Evaluate (59 - 46) + -3 - -7.
17
(12 - -1) + -32 + (78 - 22) + -9
28
What is -14 - ((-17 - -8) + (-14 - -6) + 70)?
-67
What is -13 - (4 + -25 - (104 - 131))?
-19
What is the value of 11 - (2 - 4) - (30 + -139 - -115)?
7
-149 + (49 - (-20 - (-57 + 26)))
-111
Calculate (-41 - (-34 - -18)) + (21 - 1).
-5
Evaluate 10 + (-238 - -214) - ((-1 - -2) + 48).
-63
What is the value of -13 + 1 + -88 + (-13 - (2 + -33))?
-82
What is the value of 15 + (-13 - 1) + 15 + -13 + 12?
15
-53 - ((11 - -1) + -12 - 5 - 8)
-40
Evaluate 9 + (-9 - 10) + (-25 - (-12 - 20)).
-3
Calculate 406 - 424 - (-31 - (-4 - -12)).
21
What is -93 + 137 - 179 - -137?
2
Calculate -113 + (-3 - -117) - 26.
-25
What is -15 + 2 - (-2589 + 2596)?
-20
What is the value of 1 + 4 - ((-27 - 0) + -2229 + 2239)?
22
What is the value of 15 - (7 - 22 - -12 - 8)?
26
Calculate -26 + 9 + 0 + (140 - 132) - (77 - 1).
-85
Calculate -28 + -1 + -2 + (-7 + 3 - -2).
-33
Calculate 18 - (33 - (50 + -46 + 27)).
16
What is the value of -4 + -3 + 105 + (-141 - 1)?
-44
What is the value of 46 - ((4 - (10 - 18)) + -1)?
35
Evaluate 8 + (-19 + 33 - 30) + -2 + -2.
-12
What is -2 - (-20 + (8 - -4) - (1 + -1))?
6
Evaluate (-32 - -6) + -168 + 185 - -28.
19
What is the value of 53 + (-10 - (5 - (-1 + 5)))?
42
Evaluate 10 + -45 + 20 + (2 - -3).
-10
Evaluate (-7 - -10 - -24) + 57 + -32.
52
(-198 - -177) + 0 + -89 - (-20 - -32)
-122
Evaluate -1 + 36 - (-13 - 48 - -79).
17
Evaluate 0 + -1 + -3 + 15 + 35 + (-94 - 1).
-49
What is the value of -3 + 5 + -14 + (12 + -25 - (98 + 3))?
-126
What is (-15 - -2) + -9 + (-21 - -28) + -2 + 3?
-14
(-9 + 3 + -4 - (-57 + 57)) + -5
-15
Calculate 137 + (19 - 274) + -24.
-142
What is the value of (1 - 1 - (-102 + 35)) + 30?
97
Evaluate -41 + -11 + 61 + (-28 + 1 - 6).
-24
What is -4 + (7 - -1 - (-233 + 257)) - 8?
-28
(4 - 12 - -11) + (182 - 126) - (0 - 0)
59
Calculate 0 + 32 - (-326 - -316).
42
What is 8 + -2 + (-33 - -24) + 1 + 2 + 2?
2
What is the value of -32 + (-2 - -3) + 61 + -154 + 103?
-21
11 + -1 - (-6707 - -6749)
-32
What is the value of (-10 - (8 - 4) - 34) + 1?
-47
What is (-3 + -9 - (-2 - -1)) + (-1002 - -1046)?
33
Evaluate 7 + 49 + -16 - -17 - (0 + -2).
59
Calculate (-36 + -6 - -4) + 41 + -53.
-50
Evaluate 48 - 27 - 6 - (-7 - (-3 - (-3 + 0))).
22
Evaluate -12 + -1 + (6 + -26 + 28 - 14).
-19
What is the value of 180 - 96 - (-14 + 142)?
-44
What is the value of -10 - (-9 + 4 + -9 - -11) - -14?
7
-31 - -5 - (-90 + -57 + 1)
120
Calculate 3 + -4 + (-14 + -65 - -6).
-74
What is the value of (-923 - -794) + 3 + 50?
-76
What is 22 - ((1 + -21 - (667 + -720)) + -14)?
3
What is the value of 72 + -46 - (-18 - (-8 + 8 + -3))?
41
-3 - (-5 - -11 - 1) - (-42 - -28)
6
0 - ((3 - (1 + 30)) + (156 - 163) + 2)
33
Evaluate -118 - (-46 + (-17 - -2) - -34).
-91
What is -6 - -10 - (106 - 120) - 5?
13
What is the value of 3 + (14 - (1 + 0 + 1) - (-80 - -4))?
91
What is the value of 82 - (29 - -30) - 65?
-42
13 + (0 + 15 - (-586 + 592))
22
Evaluate 8 + -31 + 40 - -26.
43
What is 22 + (-32 - -43 - (-1 - 3) - 11)?
26
3 + (5 - 20) - -40
28
What is 29 + (133 - 18) - 76?
68
(2 - 8) + -20 + (7 - (-12 - -15))
-22
23 - (-270 + 259 - (-19 - -1) - -7)
9
What is 47 + -11 + (0 - (7 + -14)) + -3 + -1?
39
What is the value of 1285 - 1326 - (6 - (3 - 3))?
-47
Evaluate 7 - ((90 - 11) + -29 - 24).
-19
Evaluate (-15 - (-3 + -28)) + 12 + (-16 - -12).
24
Evaluate (-48 - -62 - -7) + -86.
-65
Calculate 8668 - 8859 - (-73 - -1).
-119
(-27 - -34 - -28) + -48 + 16
3
Calculate -2 - (-31 + (24 + -38 - (-23 + 0))).
20
-45 + -2 + 17895 + -17814
34
Evaluate -1 + 21 - (-30 - 13 - -54).
9
What is (9 - 18 - 12) + 6 + -3 + -61?
-79
Evaluate -59 - (-20 - (-19 - -31)) - -24.
-3
What is the value of -10 - -8 - -113 - (19 - -1)?
91
What is the value of -381 + 391 + 11 + -89 + (3 - -2)?
-63
What is the value of (9 - -2) + 23 - 25 - -18?
27
Calculate (37 - 85 - -39) + (1 - -3) - (1 + 3).
-9
-67 - (-61 + -23 + 56)
-39
Calculate -10153 - -10066 - (0 - 116).
29
Evaluate -20 + (-7 + (-1 - 6) - -17).
-17
Calculate (1 + 12 - (-22 - -22)) + 0 + 1.
14
What is (49 + -36 + 29 - 37) + (14 - 1)?
18
What is the value of 9 + 26 + -50 + 16 + -33?
-32
Evaluate -45 - -21 - -91 - 94.
-27
What is the value of 7 + 8 + (1 + 51 - -4) - 0?
71
What is the value of (-12 - 26) + 21 + 1 + 27?
11
Calculate 44 - (53 - 0) - (-45 + 2).
34
What is 90 - ((-110 - -80) + 49)?
71
What is -7 + 30 - -63 - 14?
72
What is the value of -92 + (71 + 35 - 38)?
-24
What is the value of 7 + -12 + -9 + (2 - (-12 - -24))?
-24
-10 - (-23 + 22 - 26) - 9
8
What is the value of (-7 - 12) + 3 - (-9 + 13)?
-20
-15 + (-5 - -38) + -7 - ((128 - 7) + -1)
-109
Evaluate 5 + -1 + (7936 - 8055).
-115
Evaluate 235 + (85 - 289) - (-1 + 49).
-17
What is the value of (2 + -3 - -1 - (2122 - 2125)) + 5?
8
7 - (27 - -51 - 96)
25
What is (-3 - (7 + -6)) + -4 - (13 + -10 + 2)?
-13
What is the value of 43 - (14 + -36) - ((13 - 23) + 1)?
74
Evaluate -32 + 96 + -30 + -30 - (-1 + -25).
30
1 - (48 + (-1 - -2) - (-31 + 18 + 3))
-58
What is -18 + (-18 - -1 - -3) + -21 + 39?
-14
Evaluate -3 + (8 + -9 + 6 - 11 - -20).
11
Evaluate -6 - -12 - -5 - (23 - 8) - -20.
16
What is (-12 - -2) + (-22 - (-16 + 21))?
-37
Evaluate 83 + -59 + (1 - 3 - (2 + -10)) + -3.
27
What is the value of 62 + (-10 - (-5 - -3 - 1)) + -7 + 14?
62
Calculate 32 + 63 + 5 + (-15 - (-6 + 0)).
91
Evaluate 92 + (134 - 225) + -39.
-38
What is the value of (121 - 40) + -19 - 113?
-51
Calculate 8 - 16 - -4 - (-69 - (-7 - -10 - 8)).
60
What is the value of 29 - (10 + -4 + -25 + 23 + -12)?
37
What is the value of -47 - (-49 - 104) - -11?
117
What is -58 + (6 - (-4 + -9)) + 6?
-33
Calculate -10 + (-12 - (22 - 42) - (6 + 15)).
-23
What is the value of (93 - -2) + -690 + 650?
55
Evaluate 5 + (-7 - (-106 - (19 + -19))).
104
What is the value of 14 - (-164 - (-44 - 30))?
104
-3 + 2 + 7 - (13 + (27 - 2) + -14)
-18
Evaluate (41 + -41 - -35 - 36) + (-92 - -1) + -14.
-106
Evaluate 3 + (6 - 40) + -5 + -3 + 1.
-38
What is the value of -16 - (-7 - (-19 + 2 + 4 - -61))?
39
Evaluate -64 - -1 - (1360 + -1424).
1
Evaluate -9 + 1 - ((-24 - (13 + -83)) + -30).
-24
What is -10 - (-24 + 45 + -53) - -27?
49
What is 0 + (37 - 52 - 27)?
-42
-24 - (-6 + (31 - 73))
24
12 - (6 - (5 - (-27 + -4 + 5 + 13)))
24
What is the value of 33 + -3 + 9 - (-11 + -1 + (15 - -2))?
34
What is (53 - (54 - -28)) + -3 + 24?
-8
Evaluate (4 - (12 + (-13 - 1))) + 41 - (9 - 0).
38
Calculate -10 - (5 - 8) - (29 + -51).
15
Calculate (-301 - -254) + (17 - (-1 - 0)).
-29
17 + 32 - 60 - (-50 - -4)
35
Evaluate 25 + (-25 + 1 - (-458 + 449)).
10
-2 + -1 + (54 - (-41 - -115))
-23
What is the value of -48 + 14 - (48 + -55)?
-27
Evaluate 7 + (36 - (42 - 20)) + 17.
38
What is 98 + (-10 - (-8 + (2 - -5) + 10))?
79
What is -1731 + 1726 - (0 + (4 - -1))?
-10
Calculate 1 + 10 + (-19 - (-14 - -4)).
2
Calculate ((-7 - 15) + 19 - 2) + 8.
3
Calculate 5 - (72 - (1 + 13 + -13) - 8).
-58
Calculate (-45 - -10) + (279 - 269).
-25
What is -10 + -9 + 30 + -29?
-18
188 - 178 - (-7 + 121 - (-6 + 3))
-107
-54 + -86 + 133 + 53
46
What is (15 + -16 - 12) + 13 - ((6 - 5) + 38)?
-39
Calculate (52 + -19 - 46) + 0 + -4 + 1.
-16
What is the value of -67 - -74 - (-1 + -59) - (3 - -2 - -1)?
61
What is -29 - (-7 - (94 - 47))?
25
Evaluate (-3 - -2) + 3 + (-2 - -18 - (173 + -193)).
38
(39 - (21 + -2)) + -15
5
(-17 - 0) + (70 - (40 + 15))
